12
In base 3, what is 102022 + 12?
102111
In base 14, what is -c + 26?
18
In base 7, what is -2513 + -3?
-2516
In base 2, what is -100111 + -10101?
-111100
In base 6, what is 252 + -10?
242
In base 2, what is 1 + -10011?
-10010
In base 13, what is -3 + -1414?
-1417
In base 8, what is 7 + 7126?
7135
In base 9, what is -57 + -5?
-63
In base 2, what is 1000 + -111?
1
In base 14, what is 1c1 - 3?
1bc
In base 11, what is -3 + 436?
433
In base 3, what is 1001 - 1002?
-1
In base 4, what is -10 + -21321?
-21331
In base 7, what is 5 + -110?
-102
In base 4, what is -223 + 11?
-212
In base 14, what is 21a + -10?
20a
In base 14, what is -b + a0?
93
In base 8, what is -6 - 33?
-41
In base 10, what is 13 + 444?
457
In base 15, what is -4 + -43?
-47
In base 14, what is a - 284?
-278
In base 6, what is -1 - 15?
-20
In base 15, what is 24 + -20?
4
In base 4, what is 2 - -1031?
1033
In base 5, what is 22 + -311?
-234
In base 5, what is 2 - 204?
-202
In base 16, what is 8 - -2f?
37
In base 14, what is -19a - 7?
-1a3
In base 4, what is 12 - -10?
22
In base 16, what is 3 - -15e?
161
In base 11, what is 0 + -411?
-411
In base 4, what is -203 + 11?
-132
In base 9, what is 46 + 5?
52
In base 9, what is 1085 - -7?
1103
In base 6, what is 2125 + 1?
2130
In base 6, what is 24 + -33?
-5
In base 9, what is -40374 + -5?
-40380
In base 10, what is 198 + -1?
197
In base 9, what is -12 + 47?
35
In base 7, what is -132 - 2?
-134
In base 9, what is 2 + 22?
24
In base 4, what is 23 + 1002?
1031
In base 16, what is c4 + -37?
8d
In base 16, what is -5 + 2d?
28
In base 9, what is -3 - 34?
-37
In base 4, what is -120 + -2?
-122
In base 13, what is -7 + -125?
-12c
In base 14, what is 10a + 28?
134
In base 11, what is 32a + -1?
329
In base 7, what is 16025 + -4?
16021
In base 7, what is 5161 + -4?
5154
In base 3, what is -2 - -2120?
2111
In base 9, what is -4 + -41?
-45
In base 5, what is -341 - -44?
-242
In base 10, what is -72 - -2?
-70
In base 4, what is -130 + 10?
-120
In base 13, what is -2 + -36?
-38
In base 10, what is -74 + -88?
-162
In base 16, what is -8cc + 3?
-8c9
In base 2, what is 1011011 - 0?
1011011
In base 9, what is -2 + -8538?
-8541
In base 7, what is 2 + -30025?
-30023
In base 5, what is -12434 - 13?
-13002
In base 4, what is 0 + -2313?
-2313
In base 11, what is 326 - -5?
330
In base 6, what is 51 + -104?
-13
In base 11, what is 17 - 0?
17
In base 2, what is 110011 + -100001?
10010
In base 13, what is 14 - -3?
17
In base 12, what is -48 + -3?
-4b
In base 15, what is 6 + 1d3?
1d9
In base 2, what is 110010110 + 100?
110011010
In base 11, what is -21 + -4?
-25
In base 3, what is -10111 - 0?
-10111
In base 15, what is -49 - 2?
-4b
In base 16, what is 5 - 2a?
-25
In base 16, what is 11 - 52?
-41
In base 16, what is -f - 6?
-15
In base 4, what is 1301 + 13?
1320
In base 16, what is 1a7 - -4?
1ab
In base 9, what is 3 - 330?
-326
In base 12, what is -6aa + -4?
-6b2
In base 3, what is -2 - 210021?
-210100
In base 14, what is 11 + -a?
5
In base 7, what is -5 + -123?
-131
In base 14, what is -c + -3?
-11
In base 4, what is -1211133 - -10?
-1211123
In base 14, what is 1d9 - 9?
1d0
In base 10, what is -1 + 271?
270
In base 5, what is 0 - -34320?
34320
In base 5, what is 4431 + 1?
4432
In base 9, what is 68 + 1?
70
In base 12, what is 83 + 6?
89
In base 7, what is -52 + -5?
-60
In base 2, what is -11 - 10010011001?
-10010011100
In base 4, what is 21 - 2?
13
In base 4, what is 12 - -331111?
331123
In base 3, what is -12 + -112211?
-120000
In base 15, what is -3a0 - -3?
-39c
In base 4, what is 10 + -33321?
-33311
In base 3, what is 101101 - -102?
101210
In base 6, what is -430 + -33?
-503
In base 2, what is 1000101111101 - -11?
1000110000000
In base 8, what is 710 + 5?
715
In base 8, what is 300 + 40?
340
In base 16, what is 271 - 0?
271
In base 14, what is ba8 + 8?
bb2
In base 10, what is 39 - -8?
47
In base 11, what is 259 + 4?
262
In base 3, what is 2010010 + -1?
2010002
In base 2, what is -1100 - -11011?
1111
In base 11, what is -5 + -27?
-31
In base 8, what is 5 - -223?
230
In base 16, what is -1 + -1d?
-1e
In base 15, what is 3d - -a?
48
In base 6, what is 1 - -1121?
1122
In base 14, what is -3 - -313?
310
In base 11, what is 1 - 125?
-124
In base 9, what is 3 - -127?
131
In base 13, what is -51 - 1?
-52
In base 2, what is -1010010 - -1?
-1010001
In base 2, what is 10 - -10001001?
10001011
In base 12, what is -2 - -1b?
19
In base 14, what is 5c3 + 8?
5cb
In base 11, what is -13 + 6a8?
695
In base 6, what is 31 - -2?
33
In base 9, what is -3 - 101?
-104
In base 15, what is -52 + 1?
-51
In base 11, what is 0 + 477?
477
In base 4, what is 11 + 22103?
22120
In base 10, what is 3 - -183?
186
In base 11, what is 3 - 73?
-70
In base 5, what is -4 - -2344?
2340
In base 11, what is -3 - -975?
972
In base 7, what is -1 - 515?
-516
In base 13, what is 4 + b1?
b5
In base 16, what is 2 + ac?
ae
In base 3, what is -102 + -12?
-121
In base 9, what is 115642 + -5?
115636
In base 11, what is -3 + 1074?
1071
In base 7, what is 200 + 10?
210
In base 3, what is 12 + 1212201?
1212220
In base 4, what is 3 + -2203?
-2200
In base 9, what is 624 - -55?
680
In base 5, what is -2 - -2?
0
In base 13, what is -1 - -1b?
1a
In base 10, what is -4044 - 0?
-4044
In base 14, what is -2 + -68?
-6a
In base 9, what is 34 + -236?
-202
In base 10, what is -252 + 5?
-247
In base 14, what is 154c + 3?
1551
In base 14, what is 1 - 12?
-11
In base 2, what is 10 + 100?
110
In base 10, what is 4 - -64?
68
In base 9, what is 13 + -115?
-102
In base 2, what is 100 + 101000010?
101000110
In base 10, what is -4 + 37?
33
In base 11, what is -7 - -24?
18
In base 15, what is -73 - -1?
-72
In base 8, what is -175 + 33?
-142
In base 8, what is -64 - 20?
-104
In base 7, what is -3 - 65?
-101
In base 12, what is 14 + 10?
24
In base 10, what is 0 + -82?
-82
In base 2, what is -11111010110 - -10?
-11111010100
In base 7, what is 3 - 206?
-203
In base 2, what is -11 - -10100011101?
10100011010
In base 8, what is 6 + 215?
223
In base 8, what is 5 + -237?
-232
In base 15, what is -8 + 16?
d
In base 9, what is -2 - -43?
41
In base 16, what is -27b + 4?
-277
In base 5, what is -44200 + 2?
-44143
In base 3, what is -12000 - -111?
-11112
In base 11, what is -4 + -174?
-178
In base 12, what is 0 + 765?
765
In base 10, what is 146 + -5?
141
In base 16, what is 4 + -746?
-742
In base 10, what is -5 - 54?
-59
In base 12, what is -5 - 92?
-97
In base 11, what is 449 + 0?
449
In base 4, what is 21031222 + 3?
21031231
In base 16, what is 2233 + -3?
2230
In base 2, what is 10000001111 + 101?
10000010100
In base 14, what is -da + 0?
-da
In base 5, what is 10110 - 0?
10110
In base 15, what is -9 + 81?
77
In base 9, what is -11767 + 0?
-11767
In base 15, what is -5 + 57?
52
In base 13, what is -5 - -143?
13b
In base 2, what is -1000110 + 10010010?
1001100
In base 13, what is 10 + -88?
-78
In base 14, what is -29 + -4?
-2d
In base 13, what is -115 - 3?
-118
In base 16, what is c - 2f?
-23
In base 15, what is c3 + 0?
c3
In base 3, what is -210121 + -12?
-210210
In base 3, what is -10220 + 101?
-10112
In base 13, what is 77 + 3?
7a
In base 4, what is -1120003 - 1?
-1120010
In base 14, what is 3 - 1d3a?
-1d37
In base 7, what is 251 + 4?
255
In base 5, what is -2 + -11313?
-11320
In base 5, what is 441 + -2?
434
In base 3, what is -2222 - 220?
-10212
In base 13, what is -3 + -11?
-14
In base 13, what is 4 + 3081?
3085
In base 13, what is 46 - 3c?
7
In base 6, what is -12 - -15?
3
In base 6, what is 0 + -415?
-415
In base 9, what is 4 + -62?
-57
In base 7, what is 1243 - 3?
1240
In base 8, what is -6 - -31?
23
In base 5, what is 3 - 44?
-41
In base 3, what is -101 + 10100000?
10022122
In base 2, what is -10101101011 - -10?
-10101101001
In base 8, what is 40 - -21?
61
In base 11, what is 170 + -39?
132
In base 3, what is -2212 + -11?
-10000
In base 8, what is -1174 - 0?
-1174
In base 4, what is 1 + -202113?
-202112
In base 9, what is -412 - 7?
-420
In base 13, what is 6 + -484?
-47b
In base 5, what is 321 - -142?
1013
In base 12, what is -4 - -297?
293
In base 14, what is -ca + -6?
-d2
In base 7, what is -2 - 533?
-535
In base 2, what is -110000111010 - 1?
-110000111011
In base 10, what is 0 - -3585?
3585
In base 11, what is 153 - 42?
111
In base 8, wh